{"id":6821,"date":"2017-11-15T11:46:52","date_gmt":"2017-11-15T10:46:52","guid":{"rendered":"https:\/\/www.paccard-balmat.com\/?page_id=6821"},"modified":"2018-03-01T15:36:42","modified_gmt":"2018-03-01T14:36:42","slug":"talent-management","status":"publish","type":"page","link":"https:\/\/www.paccard-balmat.com\/fr\/talent-management\/","title":{"rendered":"Talent Management \u2013 Accompagnement et coaching"},"content":{"rendered":"[vc_row type=\u00a0\u00bbfull_width_content\u00a0\u00bb full_screen_row_position=\u00a0\u00bbmiddle\u00a0\u00bb equal_height=\u00a0\u00bbyes\u00a0\u00bb content_placement=\u00a0\u00bbtop\u00a0\u00bb scene_position=\u00a0\u00bbcenter\u00a0\u00bb text_color=\u00a0\u00bbdark\u00a0\u00bb text_align=\u00a0\u00bbleft\u00a0\u00bb bottom_padding=\u00a0\u00bb0&Prime; id=\u00a0\u00bbacquisition\u00a0\u00bb overlay_strength=\u00a0\u00bb0.3&Prime; shape_divider_position=\u00a0\u00bbbottom\u00a0\u00bb shape_type=\u00a0\u00bb\u00a0\u00bb][vc_column column_padding=\u00a0\u00bbpadding-5-percent\u00a0\u00bb column_padding_position=\u00a0\u00bbleft-right\u00a0\u00bb background_color_opacity=\u00a0\u00bb1&Prime; background_hover_color_opacity=\u00a0\u00bb1&Prime; font_color=\u00a0\u00bb#7c7c7c\u00a0\u00bb column_shadow=\u00a0\u00bbnone\u00a0\u00bb column_border_radius=\u00a0\u00bbnone\u00a0\u00bb width=\u00a0\u00bb1\/2&Prime; tablet_text_alignment=\u00a0\u00bbdefault\u00a0\u00bb phone_text_alignment=\u00a0\u00bbdefault\u00a0\u00bb column_border_width=\u00a0\u00bbnone\u00a0\u00bb column_border_style=\u00a0\u00bbsolid\u00a0\u00bb]<div class=\"divider-wrap\"><div style=\"height: 90px;\" class=\"divider\"><\/div><\/div>[vc_custom_heading text=\u00a0\u00bbTalent Management\u00a0\u00bb font_container=\u00a0\u00bbtag:h1|text_align:left|color:%23022169&Prime; use_theme_fonts=\u00a0\u00bbyes\u00a0\u00bb]<div class=\"divider-wrap\"><div style=\"margin-top: 20px; width: 70px; height: 1px; margin-bottom: 20px;\" data-width=\"70\" data-animate=\"yes\" data-animation-delay=\"\" data-color=\"accent-color\" class=\"divider-small-border\"><\/div><\/div>[vc_column_text]\n<h2>L\u2019accompagnement des managers et des \u00e9quipes \u00e0 haut potentiel<\/h2>\n[\/vc_column_text]<div class=\"divider-wrap\"><div style=\"height: 30px;\" class=\"divider\"><\/div><\/div>[vc_column_text css=\u00a0\u00bb.vc_custom_1510653738957{margin-top: px !important;margin-bottom: 30px !important;padding-top: -50px !important;}\u00a0\u00bb]<b>Paccard-Balmat accompagne les managers et les \u00e9quipes \u00e0 fort potentiel \u00e0 \u00e9voluer sur le plan professionnel. <\/b>Nous ouvrons un espace de r\u00e9flexion et de cr\u00e9ativit\u00e9, confrontons les \u00e9carts de perception (soi, les autres, les r\u00e9sultats objectifs),\u00a0dans le but de cr\u00e9er de nouveaux chemins de progression. Les probl\u00e9matiques trait\u00e9es sont des \u00e9l\u00e9ments du champ de la <strong>psychologie du travail<\/strong> : burnout, bore-out, stress, gestion de conflit, etc.[\/vc_column_text][vc_column_text css=\u00a0\u00bb.vc_custom_1510653755957{margin-top: 30px !important;margin-bottom: 30px !important;}\u00a0\u00bb]<b>L\u2019<\/b><b>assessment<\/b><b> center <\/b>d\u00e9signe l\u2019\u00e9valuation des comp\u00e9tences de plusieurs salari\u00e9s par l\u2019observation directe de leur comportement dans des exercices proches de situations professionnelles r\u00e9elles. Ce processus est fond\u00e9 sur le concept de <strong>multi-\u00e9valuation<\/strong> : chaque participant et comp\u00e9tence est \u00e9valu\u00e9e par plusieurs observateurs et \u00e0 travers plusieurs exercices.[\/vc_column_text][\/vc_column][vc_column centered_text=\u00a0\u00bbtrue\u00a0\u00bb column_padding=\u00a0\u00bbpadding-2-percent\u00a0\u00bb column_padding_position=\u00a0\u00bball\u00a0\u00bb background_color=\u00a0\u00bb#000b23&Prime; background_color_opacity=\u00a0\u00bb1&Prime; background_hover_color_opacity=\u00a0\u00bb1&Prime; font_color=\u00a0\u00bb#ffffff\u00a0\u00bb column_shadow=\u00a0\u00bbnone\u00a0\u00bb column_border_radius=\u00a0\u00bbnone\u00a0\u00bb width=\u00a0\u00bb1\/2&Prime; tablet_text_alignment=\u00a0\u00bbdefault\u00a0\u00bb phone_text_alignment=\u00a0\u00bbdefault\u00a0\u00bb column_border_width=\u00a0\u00bbnone\u00a0\u00bb column_border_style=\u00a0\u00bbsolid\u00a0\u00bb][vc_row_inner column_margin=\u00a0\u00bbdefault\u00a0\u00bb text_align=\u00a0\u00bbleft\u00a0\u00bb][vc_column_inner column_padding=\u00a0\u00bbno-extra-padding\u00a0\u00bb column_padding_position=\u00a0\u00bball\u00a0\u00bb background_color_opacity=\u00a0\u00bb1&Prime; background_hover_color_opacity=\u00a0\u00bb1&Prime; column_shadow=\u00a0\u00bbnone\u00a0\u00bb column_border_radius=\u00a0\u00bbnone\u00a0\u00bb width=\u00a0\u00bb1\/1&Prime; column_border_width=\u00a0\u00bbnone\u00a0\u00bb column_border_style=\u00a0\u00bbsolid\u00a0\u00bb offset=\u00a0\u00bbvc_hidden-sm vc_hidden-xs\u00a0\u00bb]<div class=\"divider-wrap\"><div style=\"height: 150px;\" class=\"divider\"><\/div><\/div>[\/vc_column_inner][\/vc_row_inner][tabbed_section style=\u00a0\u00bbminimal\u00a0\u00bb alignment=\u00a0\u00bbcenter\u00a0\u00bb spacing=\u00a0\u00bbside-30px\u00a0\u00bb tab_color=\u00a0\u00bbExtra-Color-1&Prime; cta_button_style=\u00a0\u00bbaccent-color\u00a0\u00bb icon_size=\u00a0\u00bb24&Prime;][tab icon_family=\u00a0\u00bbnone\u00a0\u00bb title=\u00a0\u00bbOn-boarding\u00a0\u00bb id=\u00a0\u00bb1510048852-1-5&Prime; tab_id=\u00a0\u00bb1510048919285-8&Prime;][vc_column_text css=\u00a0\u00bb.vc_custom_1510754460584{margin-right: 10% !important;margin-left: 10% !important;}\u00a0\u00bb]\n<p style=\"text-align: center;\">Cet accompagnement sp\u00e9cifique post-recrutement permet de parier sur des candidats dot\u00e9s de talents et de fort potentiel sur le long terme, de r\u00e9v\u00e9ler des comp\u00e9tences en germe et d\u2019acc\u00e9l\u00e9rer la p\u00e9riode d\u2019int\u00e9gration.<\/p>\n[\/vc_column_text][\/tab][tab icon_family=\u00a0\u00bbnone\u00a0\u00bb title=\u00a0\u00bbCoaching individuel\u00a0\u00bb id=\u00a0\u00bb1510048852-2-51&Prime; tab_id=\u00a0\u00bb1510048919450-5&Prime;][vc_column_text css=\u00a0\u00bb.vc_custom_1511545960457{margin-right: 10% !important;margin-left: 10% !important;}\u00a0\u00bb]\n<p style=\"text-align: center;\">10 s\u00e9ances : Ces s\u00e9ances de 2 heures r\u00e9parties sur 6 \u00e0 12 mois ont pour objectif de passer un cap \u00e0 fort enjeu professionnel ou faire un bilan de carri\u00e8re.<\/p>\n<p style=\"text-align: center;\">1 s\u00e9ance : Nous \u00e9tablissons en une journ\u00e9e seulement un plan de d\u00e9veloppement d\u2019une personne gr\u00e2ce \u00e0 un 360 et un test de personnalit\u00e9 pr\u00e9alablement r\u00e9alis\u00e9s. Le suivi, qui est indispensable, est assur\u00e9 par Skype.<\/p>\n<p>&nbsp;<\/p>\n<p>&nbsp;<\/p>\n[\/vc_column_text][\/tab][tab icon_family=\u00a0\u00bbnone\u00a0\u00bb title=\u00a0\u00bbOutplacement individuel\u00a0\u00bb id=\u00a0\u00bb1510579740084-0-2&Prime; tab_id=\u00a0\u00bb1510579740088-2&Prime;][vc_column_text css=\u00a0\u00bb.vc_custom_1510752594661{margin-right: 10% !important;margin-left: 10% !important;}\u00a0\u00bb]\n<p style=\"text-align: center;\">Nous collaborons avec les \u00e9quipes de recruteurs de nos cabinets pour accompagner un salari\u00e9 dans le cadre d\u2019un licenciement ou d\u2019un d\u00e9part. Nous \u00e9tudions l\u2019histoire personnelle, la motivation, la personnalit\u00e9 et les comp\u00e9tences pour ensuite accompagner une r\u00e9insertion professionnelle.<\/p>\n<p>&nbsp;<\/p>\n<p>&nbsp;<\/p>\n<p>&nbsp;<\/p>\n<p>&nbsp;<\/p>\n[\/vc_column_text][\/tab][tab icon_family=\u00a0\u00bbnone\u00a0\u00bb title=\u00a0\u00bbCoaching collectif\u00a0\u00bb id=\u00a0\u00bb1510579828778-3-5&Prime; tab_id=\u00a0\u00bb1510579740088-2&Prime;][vc_column_text css=\u00a0\u00bb.vc_custom_1510752601447{margin-right: 10% !important;margin-left: 10% !important;}\u00a0\u00bb]\n<p style=\"text-align: center;\">Cette forme d\u2019accompagnement d\u00e9veloppe la coh\u00e9sion d\u2019\u00e9quipe et la cr\u00e9ativit\u00e9 au travail. L\u2019id\u00e9e est de cartographier le r\u00f4le relationnel et commercial de chacun et la dynamique g\u00e9n\u00e9rale de l\u2019\u00e9quipe. En cas de blocage relationnel, le coach agit alors comme un facilitateur et suit l\u2019\u00e9quipe en difficult\u00e9.<\/p>\n<p>&nbsp;<\/p>\n<p>&nbsp;<\/p>\n<p>&nbsp;<\/p>\n[\/vc_column_text][\/tab][\/tabbed_section][\/vc_column][\/vc_row]","protected":false},"excerpt":{"rendered":"<p>[vc_row type=\u00a0\u00bbfull_width_content\u00a0\u00bb full_screen_row_position=\u00a0\u00bbmiddle\u00a0\u00bb equal_height=\u00a0\u00bbyes\u00a0\u00bb content_placement=\u00a0\u00bbtop\u00a0\u00bb scene_position=\u00a0\u00bbcenter\u00a0\u00bb text_color=\u00a0\u00bbdark\u00a0\u00bb text_align=\u00a0\u00bbleft\u00a0\u00bb bottom_padding=\u00a0\u00bb0&Prime; id=\u00a0\u00bbacquisition\u00a0\u00bb overlay_strength=\u00a0\u00bb0.3&Prime; shape_divider_position=\u00a0\u00bbbottom\u00a0\u00bb shape_type=\u00a0\u00bb\u00a0\u00bb][vc_column column_padding=\u00a0\u00bbpadding-5-percent\u00a0\u00bb column_padding_position=\u00a0\u00bbleft-right\u00a0\u00bb background_color_opacity=\u00a0\u00bb1&Prime; background_hover_color_opacity=\u00a0\u00bb1&Prime; font_color=\u00a0\u00bb#7c7c7c\u00a0\u00bb column_shadow=\u00a0\u00bbnone\u00a0\u00bb column_border_radius=\u00a0\u00bbnone\u00a0\u00bb width=\u00a0\u00bb1\/2&Prime; tablet_text_alignment=\u00a0\u00bbdefault\u00a0\u00bb phone_text_alignment=\u00a0\u00bbdefault\u00a0\u00bb column_border_width=\u00a0\u00bbnone\u00a0\u00bb column_border_style=\u00a0\u00bbsolid\u00a0\u00bb][vc_custom_heading text=\u00a0\u00bbTalent Management\u00a0\u00bb font_container=\u00a0\u00bbtag:h1|text_align:left|color:%23022169&Prime; use_theme_fonts=\u00a0\u00bbyes\u00a0\u00bb][vc_column_text] L\u2019accompagnement des managers et des \u00e9quipes \u00e0 haut potentiel [\/vc_column_text][vc_column_text css=\u00a0\u00bb.vc_custom_1510653738957{margin-top: px !important;margin-bottom: 30px !important;padding-top: -50px !important;}\u00a0\u00bb]Paccard-Balmat accompagne les managers et les \u00e9quipes \u00e0 fort potentiel \u00e0 \u00e9voluer sur le plan&#8230;<\/p>\n","protected":false},"author":1,"featured_media":0,"parent":0,"menu_order":0,"comment_status":"closed","ping_status":"closed","template":"","meta":{"footnotes":""},"class_list":["post-6821","page","type-page","status-publish","hentry"],"_links":{"self":[{"href":"https:\/\/www.paccard-balmat.com\/fr\/wp-json\/wp\/v2\/pages\/6821","targetHints":{"allow":["GET"]}}],"collection":[{"href":"https:\/\/www.paccard-balmat.com\/fr\/wp-json\/wp\/v2\/pages"}],"about":[{"href":"https:\/\/www.paccard-balmat.com\/fr\/wp-json\/wp\/v2\/types\/page"}],"author":[{"embeddable":true,"href":"https:\/\/www.paccard-balmat.com\/fr\/wp-json\/wp\/v2\/users\/1"}],"replies":[{"embeddable":true,"href":"https:\/\/www.paccard-balmat.com\/fr\/wp-json\/wp\/v2\/comments?post=6821"}],"version-history":[{"count":0,"href":"https:\/\/www.paccard-balmat.com\/fr\/wp-json\/wp\/v2\/pages\/6821\/revisions"}],"wp:attachment":[{"href":"https:\/\/www.paccard-balmat.com\/fr\/wp-json\/wp\/v2\/media?parent=6821"}],"curies":[{"name":"wp","href":"https:\/\/api.w.org\/{rel}","templated":true}]}}

[vc_row type= »full_width_content » full_screen_row_position= »middle » equal_height= »yes » content_placement= »top » scene_position= »center » text_color= »dark » text_align= »left » bottom_padding= »0&Prime; id= »acquisition » overlay_strength= »0.3&Prime; shape_divider_position= »bottom » shape_type= » »][vc_column column_padding= »padding-5-percent » column_padding_position= »left-right » background_color_opacity= »1&Prime; background_hover_color_opacity= »1&Prime; font_color= »#7c7c7c » column_shadow= »none » column_border_radius= »none » width= »1/2&Prime; tablet_text_alignment= »default » phone_text_alignment= »default » column_border_width= »none » column_border_style= »solid »]<div class="divider-wrap"><div style="height: 90px;" class="divider"></div></div>[vc_custom_heading text= »Talent Management » font_container= »tag:h1|text_align:left|color:%23022169&Prime; use_theme_fonts= »yes »]<div class="divider-wrap"><div style="margin-top: 20px; width: 70px; height: 1px; margin-bottom: 20px;" data-width="70" data-animate="yes" data-animation-delay="" data-color="accent-color" class="divider-small-border"></div></div>[vc_column_text]
<h2>L’accompagnement des managers et des équipes à haut potentiel</h2>
[/vc_column_text]<div class="divider-wrap"><div style="height: 30px;" class="divider"></div></div>[vc_column_text css= ».vc_custom_1510653738957{margin-top: px !important;margin-bottom: 30px !important;padding-top: -50px !important;} »]<b>Paccard-Balmat accompagne les managers et les équipes à fort potentiel à évoluer sur le plan professionnel. </b>Nous ouvrons un espace de réflexion et de créativité, confrontons les écarts de perception (soi, les autres, les résultats objectifs), dans le but de créer de nouveaux chemins de progression. Les problématiques traitées sont des éléments du champ de la <strong>psychologie du travail</strong> : burnout, bore-out, stress, gestion de conflit, etc.[/vc_column_text][vc_column_text css= ».vc_custom_1510653755957{margin-top: 30px !important;margin-bottom: 30px !important;} »]<b>L’</b><b>assessment</b><b> center </b>désigne l’évaluation des compétences de plusieurs salariés par l’observation directe de leur comportement dans des exercices proches de situations professionnelles réelles. Ce processus est fondé sur le concept de <strong>multi-évaluation</strong> : chaque participant et compétence est évaluée par plusieurs observateurs et à travers plusieurs exercices.[/vc_column_text][/vc_column][vc_column centered_text= »true » column_padding= »padding-2-percent » column_padding_position= »all » background_color= »#000b23&Prime; background_color_opacity= »1&Prime; background_hover_color_opacity= »1&Prime; font_color= »#ffffff » column_shadow= »none » column_border_radius= »none » width= »1/2&Prime; tablet_text_alignment= »default » phone_text_alignment= »default » column_border_width= »none » column_border_style= »solid »][vc_row_inner column_margin= »default » text_align= »left »][vc_column_inner column_padding= »no-extra-padding » column_padding_position= »all » background_color_opacity= »1&Prime; background_hover_color_opacity= »1&Prime; column_shadow= »none » column_border_radius= »none » width= »1/1&Prime; column_border_width= »none » column_border_style= »solid » offset= »vc_hidden-sm vc_hidden-xs »]<div class="divider-wrap"><div style="height: 150px;" class="divider"></div></div>[/vc_column_inner][/vc_row_inner][tabbed_section style= »minimal » alignment= »center » spacing= »side-30px » tab_color= »Extra-Color-1&Prime; cta_button_style= »accent-color » icon_size= »24&Prime;][tab icon_family= »none » title= »On-boarding » id= »1510048852-1-5&Prime; tab_id= »1510048919285-8&Prime;][vc_column_text css= ».vc_custom_1510754460584{margin-right: 10% !important;margin-left: 10% !important;} »]
<p style="text-align: center;">Cet accompagnement spécifique post-recrutement permet de parier sur des candidats dotés de talents et de fort potentiel sur le long terme, de révéler des compétences en germe et d’accélérer la période d’intégration.</p>
[/vc_column_text][/tab][tab icon_family= »none » title= »Coaching individuel » id= »1510048852-2-51&Prime; tab_id= »1510048919450-5&Prime;][vc_column_text css= ».vc_custom_1511545960457{margin-right: 10% !important;margin-left: 10% !important;} »]
<p style="text-align: center;">10 séances : Ces séances de 2 heures réparties sur 6 à 12 mois ont pour objectif de passer un cap à fort enjeu professionnel ou faire un bilan de carrière.</p>
<p style="text-align: center;">1 séance : Nous établissons en une journée seulement un plan de développement d’une personne grâce à un 360 et un test de personnalité préalablement réalisés. Le suivi, qui est indispensable, est assuré par Skype.</p>
<p>&nbsp;</p>
<p>&nbsp;</p>
[/vc_column_text][/tab][tab icon_family= »none » title= »Outplacement individuel » id= »1510579740084-0-2&Prime; tab_id= »1510579740088-2&Prime;][vc_column_text css= ».vc_custom_1510752594661{margin-right: 10% !important;margin-left: 10% !important;} »]
<p style="text-align: center;">Nous collaborons avec les équipes de recruteurs de nos cabinets pour accompagner un salarié dans le cadre d’un licenciement ou d’un départ. Nous étudions l’histoire personnelle, la motivation, la personnalité et les compétences pour ensuite accompagner une réinsertion professionnelle.</p>
<p>&nbsp;</p>
<p>&nbsp;</p>
<p>&nbsp;</p>
<p>&nbsp;</p>
[/vc_column_text][/tab][tab icon_family= »none » title= »Coaching collectif » id= »1510579828778-3-5&Prime; tab_id= »1510579740088-2&Prime;][vc_column_text css= ».vc_custom_1510752601447{margin-right: 10% !important;margin-left: 10% !important;} »]
<p style="text-align: center;">Cette forme d’accompagnement développe la cohésion d’équipe et la créativité au travail. L’idée est de cartographier le rôle relationnel et commercial de chacun et la dynamique générale de l’équipe. En cas de blocage relationnel, le coach agit alors comme un facilitateur et suit l’équipe en difficulté.</p>
<p>&nbsp;</p>
<p>&nbsp;</p>
<p>&nbsp;</p>
[/vc_column_text][/tab][/tabbed_section][/vc_column][/vc_row]

<p>[vc_row type= »full_width_content » full_screen_row_position= »middle » equal_height= »yes » content_placement= »top » scene_position= »center » text_color= »dark » text_align= »left » bottom_padding= »0&Prime; id= »acquisition » overlay_strength= »0.3&Prime; shape_divider_position= »bottom » shape_type= » »][vc_column column_padding= »padding-5-percent » column_padding_position= »left-right » background_color_opacity= »1&Prime; background_hover_color_opacity= »1&Prime; font_color= »#7c7c7c » column_shadow= »none » column_border_radius= »none » width= »1/2&Prime; tablet_text_alignment= »default » phone_text_alignment= »default » column_border_width= »none » column_border_style= »solid »][vc_custom_heading text= »Talent Management » font_container= »tag:h1|text_align:left|color:%23022169&Prime; use_theme_fonts= »yes »][vc_column_text] L’accompagnement des managers et des équipes à haut potentiel [/vc_column_text][vc_column_text css= ».vc_custom_1510653738957{margin-top: px !important;margin-bottom: 30px !important;padding-top: -50px !important;} »]Paccard-Balmat accompagne les managers et les équipes à fort potentiel à évoluer sur le plan&#8230;</p>
